{"id":1116,"date":"2022-07-22T15:37:27","date_gmt":"2022-07-22T13:37:27","guid":{"rendered":"https:\/\/leogarnier.com\/?page_id=1116"},"modified":"2022-07-31T19:18:41","modified_gmt":"2022-07-31T17:18:41","slug":"maquettes-mlle-julie","status":"publish","type":"page","link":"https:\/\/leogarnier.com\/index.php\/maquettes-3d\/maquettes-mlle-julie\/","title":{"rendered":"Maquettes &#8211; Mlle Julie"},"content":{"rendered":"\t\t<div data-elementor-type=\"wp-page\" data-elementor-id=\"1116\" class=\"elementor elementor-1116\">\n\t\t\t\t\t\t<section class=\"elementor-section elementor-top-section elementor-element elementor-element-f9a62b2 elementor-section-boxed elementor-section-height-default elementor-section-height-default\" data-id=\"f9a62b2\" data-element_type=\"section\">\n\t\t\t\t\t\t<div class=\"elementor-container elementor-column-gap-default\">\n\t\t\t\t\t<div class=\"elementor-column elementor-col-100 elementor-top-column elementor-element elementor-element-43fa1c9\" data-id=\"43fa1c9\" data-element_type=\"column\">\n\t\t\t<div class=\"elementor-widget-wrap elementor-element-populated\">\n\t\t\t\t\t\t<div class=\"elementor-element elementor-element-567919d elementor-widget elementor-widget-heading\" data-id=\"567919d\" data-element_type=\"widget\" data-widget_type=\"heading.default\">\n\t\t\t\t<div class=\"elementor-widget-container\">\n\t\t\t\t\t<h2 class=\"elementor-heading-title elementor-size-default\">Mademoiselle Julie<\/h2>\t\t\t\t<\/div>\n\t\t\t\t<\/div>\n\t\t\t\t\t<\/div>\n\t\t<\/div>\n\t\t\t\t\t<\/div>\n\t\t<\/section>\n\t\t\t\t<section class=\"elementor-section elementor-top-section elementor-element elementor-element-a3b3118 elementor-section-boxed elementor-section-height-default elementor-section-height-default\" data-id=\"a3b3118\" data-element_type=\"section\">\n\t\t\t\t\t\t<div class=\"elementor-container elementor-column-gap-default\">\n\t\t\t\t\t<div class=\"elementor-column elementor-col-100 elementor-top-column elementor-element elementor-element-5dbfc45\" data-id=\"5dbfc45\" data-element_type=\"column\">\n\t\t\t<div class=\"elementor-widget-wrap elementor-element-populated\">\n\t\t\t\t\t\t<div class=\"elementor-element elementor-element-32269f9 elementor-widget elementor-widget-text-editor\" data-id=\"32269f9\" data-element_type=\"widget\" data-widget_type=\"text-editor.default\">\n\t\t\t\t<div class=\"elementor-widget-container\">\n\t\t\t\t\t\t\t\t\t<p>Elisabeth Chailloux<\/p>\t\t\t\t\t\t\t\t<\/div>\n\t\t\t\t<\/div>\n\t\t\t\t\t<\/div>\n\t\t<\/div>\n\t\t\t\t\t<\/div>\n\t\t<\/section>\n\t\t\t\t<section class=\"elementor-section elementor-top-section elementor-element elementor-element-0904d38 elementor-section-boxed elementor-section-height-default elementor-section-height-default\" data-id=\"0904d38\" data-element_type=\"section\">\n\t\t\t\t\t\t<div class=\"elementor-container elementor-column-gap-default\">\n\t\t\t\t\t<div class=\"elementor-column elementor-col-100 elementor-top-column elementor-element elementor-element-5c9411e\" data-id=\"5c9411e\" data-element_type=\"column\">\n\t\t\t<div class=\"elementor-widget-wrap elementor-element-populated\">\n\t\t\t\t\t\t<div class=\"elementor-element elementor-element-f4a9774 elementor-widget elementor-widget-text-editor\" data-id=\"f4a9774\" data-element_type=\"widget\" data-widget_type=\"text-editor.default\">\n\t\t\t\t<div class=\"elementor-widget-container\">\n\t\t\t\t\t\t\t\t\t<p>Maquettes 3D<\/p>\t\t\t\t\t\t\t\t<\/div>\n\t\t\t\t<\/div>\n\t\t\t\t\t<\/div>\n\t\t<\/div>\n\t\t\t\t\t<\/div>\n\t\t<\/section>\n\t\t\t\t<section class=\"elementor-section elementor-top-section elementor-element elementor-element-2354411 elementor-section-boxed elementor-section-height-default elementor-section-height-default\" data-id=\"2354411\" data-element_type=\"section\">\n\t\t\t\t\t\t<div class=\"elementor-container elementor-column-gap-default\">\n\t\t\t\t\t<div class=\"elementor-column elementor-col-100 elementor-top-column elementor-element elementor-element-5a29925\" data-id=\"5a29925\" data-element_type=\"column\">\n\t\t\t<div class=\"elementor-widget-wrap elementor-element-populated\">\n\t\t\t\t\t\t<div class=\"elementor-element elementor-element-d1a98f5 elementor-widget elementor-widget-image\" data-id=\"d1a98f5\" data-element_type=\"widget\" data-widget_type=\"image.default\">\n\t\t\t\t<div class=\"elementor-widget-container\">\n\t\t\t\t\t\t\t\t\t\t\t\t\t\t\t<img fetchpriority=\"high\" decoding=\"async\" width=\"768\" height=\"576\" src=\"https:\/\/leogarnier.com\/wp-content\/uploads\/2022\/07\/Rendu-Mlle-Julie-10-768x576.jpeg\" class=\"attachment-medium_large size-medium_large wp-image-1103\" alt=\"Maquettes virtuelle - Eclairagiste\" srcset=\"https:\/\/leogarnier.com\/wp-content\/uploads\/2022\/07\/Rendu-Mlle-Julie-10-768x576.jpeg 768w, https:\/\/leogarnier.com\/wp-content\/uploads\/2022\/07\/Rendu-Mlle-Julie-10-300x225.jpeg 300w, https:\/\/leogarnier.com\/wp-content\/uploads\/2022\/07\/Rendu-Mlle-Julie-10-1024x768.jpeg 1024w, https:\/\/leogarnier.com\/wp-content\/uploads\/2022\/07\/Rendu-Mlle-Julie-10-1536x1152.jpeg 1536w, https:\/\/leogarnier.com\/wp-content\/uploads\/2022\/07\/Rendu-Mlle-Julie-10-2048x1536.jpeg 2048w\" sizes=\"(max-width: 768px) 100vw, 768px\" \/>\t\t\t\t\t\t\t\t\t\t\t\t\t\t\t<\/div>\n\t\t\t\t<\/div>\n\t\t\t\t\t<\/div>\n\t\t<\/div>\n\t\t\t\t\t<\/div>\n\t\t<\/section>\n\t\t\t\t<section class=\"elementor-section elementor-top-section elementor-element elementor-element-bf9709f elementor-section-boxed elementor-section-height-default elementor-section-height-default\" data-id=\"bf9709f\" data-element_type=\"section\">\n\t\t\t\t\t\t<div class=\"elementor-container elementor-column-gap-default\">\n\t\t\t\t\t<div class=\"elementor-column elementor-col-100 elementor-top-column elementor-element elementor-element-c0006a6\" data-id=\"c0006a6\" data-element_type=\"column\">\n\t\t\t<div class=\"elementor-widget-wrap elementor-element-populated\">\n\t\t\t\t\t\t<div class=\"elementor-element elementor-element-82b8c3f elementor-widget-divider--view-line elementor-widget elementor-widget-divider\" data-id=\"82b8c3f\" data-element_type=\"widget\" data-widget_type=\"divider.default\">\n\t\t\t\t<div class=\"elementor-widget-container\">\n\t\t\t\t\t\t\t<div class=\"elementor-divider\">\n\t\t\t<span class=\"elementor-divider-separator\">\n\t\t\t\t\t\t<\/span>\n\t\t<\/div>\n\t\t\t\t\t\t<\/div>\n\t\t\t\t<\/div>\n\t\t\t\t\t<\/div>\n\t\t<\/div>\n\t\t\t\t\t<\/div>\n\t\t<\/section>\n\t\t\t\t<section class=\"elementor-section elementor-top-section elementor-element elementor-element-5e83eb6 elementor-section-boxed elementor-section-height-default elementor-section-height-default\" data-id=\"5e83eb6\" data-element_type=\"section\">\n\t\t\t\t\t\t<div class=\"elementor-container elementor-column-gap-default\">\n\t\t\t\t\t<div class=\"elementor-column elementor-col-100 elementor-top-column elementor-element elementor-element-b48442e\" data-id=\"b48442e\" data-element_type=\"column\">\n\t\t\t<div class=\"elementor-widget-wrap elementor-element-populated\">\n\t\t\t\t\t\t<div class=\"elementor-element elementor-element-9cc0476 elementor-widget elementor-widget-image\" data-id=\"9cc0476\" data-element_type=\"widget\" data-widget_type=\"image.default\">\n\t\t\t\t<div class=\"elementor-widget-container\">\n\t\t\t\t\t\t\t\t\t\t\t\t\t\t\t<img decoding=\"async\" width=\"768\" height=\"432\" src=\"https:\/\/leogarnier.com\/wp-content\/uploads\/2022\/07\/Rendu-Mme-Julie-2-768x432.jpg\" class=\"attachment-medium_large size-medium_large wp-image-1106\" alt=\"Maquettes virtuelle - Eclairagiste\" srcset=\"https:\/\/leogarnier.com\/wp-content\/uploads\/2022\/07\/Rendu-Mme-Julie-2-768x432.jpg 768w, https:\/\/leogarnier.com\/wp-content\/uploads\/2022\/07\/Rendu-Mme-Julie-2-300x169.jpg 300w, https:\/\/leogarnier.com\/wp-content\/uploads\/2022\/07\/Rendu-Mme-Julie-2-1024x576.jpg 1024w, https:\/\/leogarnier.com\/wp-content\/uploads\/2022\/07\/Rendu-Mme-Julie-2-1536x864.jpg 1536w, https:\/\/leogarnier.com\/wp-content\/uploads\/2022\/07\/Rendu-Mme-Julie-2.jpg 1920w\" sizes=\"(max-width: 768px) 100vw, 768px\" \/>\t\t\t\t\t\t\t\t\t\t\t\t\t\t\t<\/div>\n\t\t\t\t<\/div>\n\t\t\t\t\t<\/div>\n\t\t<\/div>\n\t\t\t\t\t<\/div>\n\t\t<\/section>\n\t\t\t\t<section class=\"elementor-section elementor-top-section elementor-element elementor-element-2123685 elementor-section-boxed elementor-section-height-default elementor-section-height-default\" data-id=\"2123685\" data-element_type=\"section\">\n\t\t\t\t\t\t<div class=\"elementor-container elementor-column-gap-default\">\n\t\t\t\t\t<div class=\"elementor-column elementor-col-100 elementor-top-column elementor-element elementor-element-87c52a5\" data-id=\"87c52a5\" data-element_type=\"column\">\n\t\t\t<div class=\"elementor-widget-wrap elementor-element-populated\">\n\t\t\t\t\t\t<div class=\"elementor-element elementor-element-8a7cda5 elementor-widget elementor-widget-text-editor\" data-id=\"8a7cda5\" data-element_type=\"widget\" data-widget_type=\"text-editor.default\">\n\t\t\t\t<div class=\"elementor-widget-container\">\n\t\t\t\t\t\t\t\t\t<p>Proposition ant\u00e9rieure<\/p>\t\t\t\t\t\t\t\t<\/div>\n\t\t\t\t<\/div>\n\t\t\t\t\t<\/div>\n\t\t<\/div>\n\t\t\t\t\t<\/div>\n\t\t<\/section>\n\t\t\t\t<section class=\"elementor-section elementor-top-section elementor-element elementor-element-aee84ae elementor-section-boxed elementor-section-height-default elementor-section-height-default\" data-id=\"aee84ae\" data-element_type=\"section\">\n\t\t\t\t\t\t<div class=\"elementor-container elementor-column-gap-default\">\n\t\t\t\t\t<div class=\"elementor-column elementor-col-100 elementor-top-column elementor-element elementor-element-3e162ee\" data-id=\"3e162ee\" data-element_type=\"column\">\n\t\t\t<div class=\"elementor-widget-wrap elementor-element-populated\">\n\t\t\t\t\t\t<div class=\"elementor-element elementor-element-a530546 elementor-widget elementor-widget-image\" data-id=\"a530546\" data-element_type=\"widget\" data-widget_type=\"image.default\">\n\t\t\t\t<div class=\"elementor-widget-container\">\n\t\t\t\t\t\t\t\t\t\t\t\t\t\t\t<img decoding=\"async\" width=\"768\" height=\"576\" src=\"https:\/\/leogarnier.com\/wp-content\/uploads\/2022\/07\/Rendu-Mlle-Julie-1-bis-768x576.jpeg\" class=\"attachment-medium_large size-medium_large wp-image-1093\" alt=\"Maquettes virtuelle - Eclairagiste\" srcset=\"https:\/\/leogarnier.com\/wp-content\/uploads\/2022\/07\/Rendu-Mlle-Julie-1-bis-768x576.jpeg 768w, https:\/\/leogarnier.com\/wp-content\/uploads\/2022\/07\/Rendu-Mlle-Julie-1-bis-300x225.jpeg 300w, https:\/\/leogarnier.com\/wp-content\/uploads\/2022\/07\/Rendu-Mlle-Julie-1-bis-1024x768.jpeg 1024w, https:\/\/leogarnier.com\/wp-content\/uploads\/2022\/07\/Rendu-Mlle-Julie-1-bis-1536x1152.jpeg 1536w, https:\/\/leogarnier.com\/wp-content\/uploads\/2022\/07\/Rendu-Mlle-Julie-1-bis-2048x1536.jpeg 2048w\" sizes=\"(max-width: 768px) 100vw, 768px\" \/>\t\t\t\t\t\t\t\t\t\t\t\t\t\t\t<\/div>\n\t\t\t\t<\/div>\n\t\t\t\t\t<\/div>\n\t\t<\/div>\n\t\t\t\t\t<\/div>\n\t\t<\/section>\n\t\t\t\t<section class=\"elementor-section elementor-top-section elementor-element elementor-element-963136a elementor-section-boxed elementor-section-height-default elementor-section-height-default\" data-id=\"963136a\" data-element_type=\"section\">\n\t\t\t\t\t\t<div class=\"elementor-container elementor-column-gap-default\">\n\t\t\t\t\t<div class=\"elementor-column elementor-col-100 elementor-top-column elementor-element elementor-element-9cc5f9c\" data-id=\"9cc5f9c\" data-element_type=\"column\">\n\t\t\t<div class=\"elementor-widget-wrap elementor-element-populated\">\n\t\t\t\t\t\t<div class=\"elementor-element elementor-element-d683bbf elementor-widget elementor-widget-text-editor\" data-id=\"d683bbf\" data-element_type=\"widget\" data-widget_type=\"text-editor.default\">\n\t\t\t\t<div class=\"elementor-widget-container\">\n\t\t\t\t\t\t\t\t\t<p>Proposition ant\u00e9rieure<\/p>\t\t\t\t\t\t\t\t<\/div>\n\t\t\t\t<\/div>\n\t\t\t\t\t<\/div>\n\t\t<\/div>\n\t\t\t\t\t<\/div>\n\t\t<\/section>\n\t\t\t\t<section class=\"elementor-section elementor-top-section elementor-element elementor-element-dea7d6d elementor-section-boxed elementor-section-height-default elementor-section-height-default\" data-id=\"dea7d6d\" data-element_type=\"section\">\n\t\t\t\t\t\t<div class=\"elementor-container elementor-column-gap-default\">\n\t\t\t\t\t<div class=\"elementor-column elementor-col-100 elementor-top-column elementor-element elementor-element-8e98672\" data-id=\"8e98672\" data-element_type=\"column\">\n\t\t\t<div class=\"elementor-widget-wrap elementor-element-populated\">\n\t\t\t\t\t\t<div class=\"elementor-element elementor-element-a5d0c7e elementor-widget elementor-widget-image\" data-id=\"a5d0c7e\" data-element_type=\"widget\" data-widget_type=\"image.default\">\n\t\t\t\t<div class=\"elementor-widget-container\">\n\t\t\t\t\t\t\t\t\t\t\t\t\t\t\t<img loading=\"lazy\" decoding=\"async\" width=\"768\" height=\"576\" src=\"https:\/\/leogarnier.com\/wp-content\/uploads\/2022\/07\/Rendu-Mlle-Julie-9-768x576.jpeg\" class=\"attachment-medium_large size-medium_large wp-image-1102\" alt=\"Maquettes virtuelle - Eclairagiste\" srcset=\"https:\/\/leogarnier.com\/wp-content\/uploads\/2022\/07\/Rendu-Mlle-Julie-9-768x576.jpeg 768w, https:\/\/leogarnier.com\/wp-content\/uploads\/2022\/07\/Rendu-Mlle-Julie-9-300x225.jpeg 300w, https:\/\/leogarnier.com\/wp-content\/uploads\/2022\/07\/Rendu-Mlle-Julie-9-1024x768.jpeg 1024w, https:\/\/leogarnier.com\/wp-content\/uploads\/2022\/07\/Rendu-Mlle-Julie-9-1536x1152.jpeg 1536w, https:\/\/leogarnier.com\/wp-content\/uploads\/2022\/07\/Rendu-Mlle-Julie-9-2048x1536.jpeg 2048w\" sizes=\"(max-width: 768px) 100vw, 768px\" \/>\t\t\t\t\t\t\t\t\t\t\t\t\t\t\t<\/div>\n\t\t\t\t<\/div>\n\t\t\t\t\t<\/div>\n\t\t<\/div>\n\t\t\t\t\t<\/div>\n\t\t<\/section>\n\t\t\t\t<section class=\"elementor-section elementor-top-section elementor-element elementor-element-5510889 elementor-section-boxed elementor-section-height-default elementor-section-height-default\" data-id=\"5510889\" data-element_type=\"section\">\n\t\t\t\t\t\t<div class=\"elementor-container elementor-column-gap-default\">\n\t\t\t\t\t<div class=\"elementor-column elementor-col-100 elementor-top-column elementor-element elementor-element-5604701\" data-id=\"5604701\" data-element_type=\"column\">\n\t\t\t<div class=\"elementor-widget-wrap elementor-element-populated\">\n\t\t\t\t\t\t<div class=\"elementor-element elementor-element-cda027d elementor-widget elementor-widget-text-editor\" data-id=\"cda027d\" data-element_type=\"widget\" data-widget_type=\"text-editor.default\">\n\t\t\t\t<div class=\"elementor-widget-container\">\n\t\t\t\t\t\t\t\t\t<p>Proposition ant\u00e9rieure<\/p>\t\t\t\t\t\t\t\t<\/div>\n\t\t\t\t<\/div>\n\t\t\t\t\t<\/div>\n\t\t<\/div>\n\t\t\t\t\t<\/div>\n\t\t<\/section>\n\t\t\t\t<section class=\"elementor-section elementor-top-section elementor-element elementor-element-fef7901 elementor-section-boxed elementor-section-height-default elementor-section-height-default\" data-id=\"fef7901\" data-element_type=\"section\">\n\t\t\t\t\t\t<div class=\"elementor-container elementor-column-gap-default\">\n\t\t\t\t\t<div class=\"elementor-column elementor-col-100 elementor-top-column elementor-element elementor-element-605370b\" data-id=\"605370b\" data-element_type=\"column\">\n\t\t\t<div class=\"elementor-widget-wrap elementor-element-populated\">\n\t\t\t\t\t\t<div class=\"elementor-element elementor-element-ae639e6 elementor-widget elementor-widget-spacer\" data-id=\"ae639e6\" data-element_type=\"widget\" data-widget_type=\"spacer.default\">\n\t\t\t\t<div class=\"elementor-widget-container\">\n\t\t\t\t\t\t\t<div class=\"elementor-spacer\">\n\t\t\t<div class=\"elementor-spacer-inner\"><\/div>\n\t\t<\/div>\n\t\t\t\t\t\t<\/div>\n\t\t\t\t<\/div>\n\t\t\t\t\t<\/div>\n\t\t<\/div>\n\t\t\t\t\t<\/div>\n\t\t<\/section>\n\t\t\t\t<\/div>\n\t\t","protected":false},"excerpt":{"rendered":"<p>Mademoiselle Julie Elisabeth Chailloux Maquettes 3D Proposition ant\u00e9rieure Proposition ant\u00e9rieure Proposition ant\u00e9rieure<\/p>\n","protected":false},"author":1,"featured_media":0,"parent":1028,"menu_order":5,"comment_status":"closed","ping_status":"closed","template":"","meta":{"footnotes":""},"class_list":["post-1116","page","type-page","status-publish","hentry"],"yoast_head":"<!-- This site is optimized with the Yoast SEO plugin v27.4 - https:\/\/yoast.com\/product\/yoast-seo-wordpress\/ -->\n<title>Maquettes - Mlle Julie - L\u00e9o Garnier<\/title>\n<meta name=\"robots\" content=\"index, follow, max-snippet:-1, max-image-preview:large, max-video-preview:-1\" \/>\n<link rel=\"canonical\" href=\"https:\/\/leogarnier.com\/index.php\/maquettes-3d\/maquettes-mlle-julie\/\" \/>\n<meta property=\"og:locale\" content=\"fr_FR\" \/>\n<meta property=\"og:type\" content=\"article\" \/>\n<meta property=\"og:title\" content=\"Maquettes - Mlle Julie - L\u00e9o Garnier\" \/>\n<meta property=\"og:description\" content=\"Mademoiselle Julie Elisabeth Chailloux Maquettes 3D Proposition ant\u00e9rieure Proposition ant\u00e9rieure Proposition ant\u00e9rieure\" \/>\n<meta property=\"og:url\" content=\"https:\/\/leogarnier.com\/index.php\/maquettes-3d\/maquettes-mlle-julie\/\" \/>\n<meta property=\"og:site_name\" content=\"L\u00e9o Garnier\" \/>\n<meta property=\"article:publisher\" content=\"https:\/\/www.facebook.com\/leo.garnier.102\/\" \/>\n<meta property=\"article:modified_time\" content=\"2022-07-31T17:18:41+00:00\" \/>\n<meta property=\"og:image\" content=\"https:\/\/leogarnier.com\/wp-content\/uploads\/2022\/07\/Rendu-Mlle-Julie-10-768x576.jpeg\" \/>\n<meta name=\"twitter:card\" content=\"summary_large_image\" \/>\n<script type=\"application\/ld+json\" class=\"yoast-schema-graph\">{\"@context\":\"https:\\\/\\\/schema.org\",\"@graph\":[{\"@type\":\"WebPage\",\"@id\":\"https:\\\/\\\/leogarnier.com\\\/index.php\\\/maquettes-3d\\\/maquettes-mlle-julie\\\/\",\"url\":\"https:\\\/\\\/leogarnier.com\\\/index.php\\\/maquettes-3d\\\/maquettes-mlle-julie\\\/\",\"name\":\"Maquettes - Mlle Julie - L\u00e9o Garnier\",\"isPartOf\":{\"@id\":\"https:\\\/\\\/leogarnier.com\\\/#website\"},\"primaryImageOfPage\":{\"@id\":\"https:\\\/\\\/leogarnier.com\\\/index.php\\\/maquettes-3d\\\/maquettes-mlle-julie\\\/#primaryimage\"},\"image\":{\"@id\":\"https:\\\/\\\/leogarnier.com\\\/index.php\\\/maquettes-3d\\\/maquettes-mlle-julie\\\/#primaryimage\"},\"thumbnailUrl\":\"https:\\\/\\\/leogarnier.com\\\/wp-content\\\/uploads\\\/2022\\\/07\\\/Rendu-Mlle-Julie-10-768x576.jpeg\",\"datePublished\":\"2022-07-22T13:37:27+00:00\",\"dateModified\":\"2022-07-31T17:18:41+00:00\",\"breadcrumb\":{\"@id\":\"https:\\\/\\\/leogarnier.com\\\/index.php\\\/maquettes-3d\\\/maquettes-mlle-julie\\\/#breadcrumb\"},\"inLanguage\":\"fr-FR\",\"potentialAction\":[{\"@type\":\"ReadAction\",\"target\":[\"https:\\\/\\\/leogarnier.com\\\/index.php\\\/maquettes-3d\\\/maquettes-mlle-julie\\\/\"]}]},{\"@type\":\"ImageObject\",\"inLanguage\":\"fr-FR\",\"@id\":\"https:\\\/\\\/leogarnier.com\\\/index.php\\\/maquettes-3d\\\/maquettes-mlle-julie\\\/#primaryimage\",\"url\":\"https:\\\/\\\/leogarnier.com\\\/wp-content\\\/uploads\\\/2022\\\/07\\\/Rendu-Mlle-Julie-10-768x576.jpeg\",\"contentUrl\":\"https:\\\/\\\/leogarnier.com\\\/wp-content\\\/uploads\\\/2022\\\/07\\\/Rendu-Mlle-Julie-10-768x576.jpeg\"},{\"@type\":\"BreadcrumbList\",\"@id\":\"https:\\\/\\\/leogarnier.com\\\/index.php\\\/maquettes-3d\\\/maquettes-mlle-julie\\\/#breadcrumb\",\"itemListElement\":[{\"@type\":\"ListItem\",\"position\":1,\"name\":\"Accueil\",\"item\":\"https:\\\/\\\/leogarnier.com\\\/\"},{\"@type\":\"ListItem\",\"position\":2,\"name\":\"Maquettes 3D\",\"item\":\"https:\\\/\\\/leogarnier.com\\\/index.php\\\/maquettes-3d\\\/\"},{\"@type\":\"ListItem\",\"position\":3,\"name\":\"Maquettes &#8211; Mlle Julie\"}]},{\"@type\":\"WebSite\",\"@id\":\"https:\\\/\\\/leogarnier.com\\\/#website\",\"url\":\"https:\\\/\\\/leogarnier.com\\\/\",\"name\":\"L\u00e9o Garnier\",\"description\":\"\u00c9clairagiste\",\"publisher\":{\"@id\":\"https:\\\/\\\/leogarnier.com\\\/#\\\/schema\\\/person\\\/9caf54ec40390ce3fa693f0b1acd3190\"},\"potentialAction\":[{\"@type\":\"SearchAction\",\"target\":{\"@type\":\"EntryPoint\",\"urlTemplate\":\"https:\\\/\\\/leogarnier.com\\\/?s={search_term_string}\"},\"query-input\":{\"@type\":\"PropertyValueSpecification\",\"valueRequired\":true,\"valueName\":\"search_term_string\"}}],\"inLanguage\":\"fr-FR\"},{\"@type\":[\"Person\",\"Organization\"],\"@id\":\"https:\\\/\\\/leogarnier.com\\\/#\\\/schema\\\/person\\\/9caf54ec40390ce3fa693f0b1acd3190\",\"name\":\"L\u00e9o\",\"image\":{\"@type\":\"ImageObject\",\"inLanguage\":\"fr-FR\",\"@id\":\"https:\\\/\\\/leogarnier.com\\\/wp-content\\\/uploads\\\/2022\\\/09\\\/Leo9.png\",\"url\":\"https:\\\/\\\/leogarnier.com\\\/wp-content\\\/uploads\\\/2022\\\/09\\\/Leo9.png\",\"contentUrl\":\"https:\\\/\\\/leogarnier.com\\\/wp-content\\\/uploads\\\/2022\\\/09\\\/Leo9.png\",\"width\":1148,\"height\":825,\"caption\":\"L\u00e9o\"},\"logo\":{\"@id\":\"https:\\\/\\\/leogarnier.com\\\/wp-content\\\/uploads\\\/2022\\\/09\\\/Leo9.png\"},\"sameAs\":[\"http:\\\/\\\/leogarnier.com\",\"https:\\\/\\\/www.facebook.com\\\/leo.garnier.102\\\/\",\"https:\\\/\\\/www.instagram.com\\\/garnierleo\\\/\"]}]}<\/script>\n<!-- \/ Yoast SEO plugin. -->","yoast_head_json":{"title":"Maquettes - Mlle Julie - L\u00e9o Garnier","robots":{"index":"index","follow":"follow","max-snippet":"max-snippet:-1","max-image-preview":"max-image-preview:large","max-video-preview":"max-video-preview:-1"},"canonical":"https:\/\/leogarnier.com\/index.php\/maquettes-3d\/maquettes-mlle-julie\/","og_locale":"fr_FR","og_type":"article","og_title":"Maquettes - Mlle Julie - L\u00e9o Garnier","og_description":"Mademoiselle Julie Elisabeth Chailloux Maquettes 3D Proposition ant\u00e9rieure Proposition ant\u00e9rieure Proposition ant\u00e9rieure","og_url":"https:\/\/leogarnier.com\/index.php\/maquettes-3d\/maquettes-mlle-julie\/","og_site_name":"L\u00e9o Garnier","article_publisher":"https:\/\/www.facebook.com\/leo.garnier.102\/","article_modified_time":"2022-07-31T17:18:41+00:00","og_image":[{"url":"https:\/\/leogarnier.com\/wp-content\/uploads\/2022\/07\/Rendu-Mlle-Julie-10-768x576.jpeg","type":"","width":"","height":""}],"twitter_card":"summary_large_image","schema":{"@context":"https:\/\/schema.org","@graph":[{"@type":"WebPage","@id":"https:\/\/leogarnier.com\/index.php\/maquettes-3d\/maquettes-mlle-julie\/","url":"https:\/\/leogarnier.com\/index.php\/maquettes-3d\/maquettes-mlle-julie\/","name":"Maquettes - Mlle Julie - L\u00e9o Garnier","isPartOf":{"@id":"https:\/\/leogarnier.com\/#website"},"primaryImageOfPage":{"@id":"https:\/\/leogarnier.com\/index.php\/maquettes-3d\/maquettes-mlle-julie\/#primaryimage"},"image":{"@id":"https:\/\/leogarnier.com\/index.php\/maquettes-3d\/maquettes-mlle-julie\/#primaryimage"},"thumbnailUrl":"https:\/\/leogarnier.com\/wp-content\/uploads\/2022\/07\/Rendu-Mlle-Julie-10-768x576.jpeg","datePublished":"2022-07-22T13:37:27+00:00","dateModified":"2022-07-31T17:18:41+00:00","breadcrumb":{"@id":"https:\/\/leogarnier.com\/index.php\/maquettes-3d\/maquettes-mlle-julie\/#breadcrumb"},"inLanguage":"fr-FR","potentialAction":[{"@type":"ReadAction","target":["https:\/\/leogarnier.com\/index.php\/maquettes-3d\/maquettes-mlle-julie\/"]}]},{"@type":"ImageObject","inLanguage":"fr-FR","@id":"https:\/\/leogarnier.com\/index.php\/maquettes-3d\/maquettes-mlle-julie\/#primaryimage","url":"https:\/\/leogarnier.com\/wp-content\/uploads\/2022\/07\/Rendu-Mlle-Julie-10-768x576.jpeg","contentUrl":"https:\/\/leogarnier.com\/wp-content\/uploads\/2022\/07\/Rendu-Mlle-Julie-10-768x576.jpeg"},{"@type":"BreadcrumbList","@id":"https:\/\/leogarnier.com\/index.php\/maquettes-3d\/maquettes-mlle-julie\/#breadcrumb","itemListElement":[{"@type":"ListItem","position":1,"name":"Accueil","item":"https:\/\/leogarnier.com\/"},{"@type":"ListItem","position":2,"name":"Maquettes 3D","item":"https:\/\/leogarnier.com\/index.php\/maquettes-3d\/"},{"@type":"ListItem","position":3,"name":"Maquettes &#8211; Mlle Julie"}]},{"@type":"WebSite","@id":"https:\/\/leogarnier.com\/#website","url":"https:\/\/leogarnier.com\/","name":"L\u00e9o Garnier","description":"\u00c9clairagiste","publisher":{"@id":"https:\/\/leogarnier.com\/#\/schema\/person\/9caf54ec40390ce3fa693f0b1acd3190"},"potentialAction":[{"@type":"SearchAction","target":{"@type":"EntryPoint","urlTemplate":"https:\/\/leogarnier.com\/?s={search_term_string}"},"query-input":{"@type":"PropertyValueSpecification","valueRequired":true,"valueName":"search_term_string"}}],"inLanguage":"fr-FR"},{"@type":["Person","Organization"],"@id":"https:\/\/leogarnier.com\/#\/schema\/person\/9caf54ec40390ce3fa693f0b1acd3190","name":"L\u00e9o","image":{"@type":"ImageObject","inLanguage":"fr-FR","@id":"https:\/\/leogarnier.com\/wp-content\/uploads\/2022\/09\/Leo9.png","url":"https:\/\/leogarnier.com\/wp-content\/uploads\/2022\/09\/Leo9.png","contentUrl":"https:\/\/leogarnier.com\/wp-content\/uploads\/2022\/09\/Leo9.png","width":1148,"height":825,"caption":"L\u00e9o"},"logo":{"@id":"https:\/\/leogarnier.com\/wp-content\/uploads\/2022\/09\/Leo9.png"},"sameAs":["http:\/\/leogarnier.com","https:\/\/www.facebook.com\/leo.garnier.102\/","https:\/\/www.instagram.com\/garnierleo\/"]}]}},"_links":{"self":[{"href":"https:\/\/leogarnier.com\/index.php\/wp-json\/wp\/v2\/pages\/1116","targetHints":{"allow":["GET"]}}],"collection":[{"href":"https:\/\/leogarnier.com\/index.php\/wp-json\/wp\/v2\/pages"}],"about":[{"href":"https:\/\/leogarnier.com\/index.php\/wp-json\/wp\/v2\/types\/page"}],"author":[{"embeddable":true,"href":"https:\/\/leogarnier.com\/index.php\/wp-json\/wp\/v2\/users\/1"}],"replies":[{"embeddable":true,"href":"https:\/\/leogarnier.com\/index.php\/wp-json\/wp\/v2\/comments?post=1116"}],"version-history":[{"count":13,"href":"https:\/\/leogarnier.com\/index.php\/wp-json\/wp\/v2\/pages\/1116\/revisions"}],"predecessor-version":[{"id":1814,"href":"https:\/\/leogarnier.com\/index.php\/wp-json\/wp\/v2\/pages\/1116\/revisions\/1814"}],"up":[{"embeddable":true,"href":"https:\/\/leogarnier.com\/index.php\/wp-json\/wp\/v2\/pages\/1028"}],"wp:attachment":[{"href":"https:\/\/leogarnier.com\/index.php\/wp-json\/wp\/v2\/media?parent=1116"}],"curies":[{"name":"wp","href":"https:\/\/api.w.org\/{rel}","templated":true}]}}