{"id":1630,"date":"2022-07-29T16:34:48","date_gmt":"2022-07-29T14:34:48","guid":{"rendered":"https:\/\/leogarnier.com\/?page_id=1630"},"modified":"2022-09-07T01:03:17","modified_gmt":"2022-09-06T23:03:17","slug":"perez-boussiron","status":"publish","type":"page","link":"https:\/\/leogarnier.com\/index.php\/perez-boussiron\/","title":{"rendered":"Biopigs"},"content":{"rendered":"\t\t<div data-elementor-type=\"wp-page\" data-elementor-id=\"1630\" class=\"elementor elementor-1630\">\n\t\t\t\t\t\t<section class=\"elementor-section elementor-top-section elementor-element elementor-element-bea4328 elementor-section-boxed elementor-section-height-default elementor-section-height-default\" data-id=\"bea4328\" data-element_type=\"section\">\n\t\t\t\t\t\t<div class=\"elementor-container elementor-column-gap-default\">\n\t\t\t\t\t<div class=\"elementor-column elementor-col-100 elementor-top-column elementor-element elementor-element-1bf68cb\" data-id=\"1bf68cb\" data-element_type=\"column\">\n\t\t\t<div class=\"elementor-widget-wrap elementor-element-populated\">\n\t\t\t\t\t\t<div class=\"elementor-element elementor-element-aab87e1 elementor-widget elementor-widget-heading\" data-id=\"aab87e1\" data-element_type=\"widget\" data-widget_type=\"heading.default\">\n\t\t\t\t<div class=\"elementor-widget-container\">\n\t\t\t\t\t<h2 class=\"elementor-heading-title elementor-size-default\">Biopigs<\/h2>\t\t\t\t<\/div>\n\t\t\t\t<\/div>\n\t\t\t\t\t<\/div>\n\t\t<\/div>\n\t\t\t\t\t<\/div>\n\t\t<\/section>\n\t\t\t\t<section class=\"elementor-section elementor-top-section elementor-element elementor-element-7f8edd5 elementor-section-boxed elementor-section-height-default elementor-section-height-default\" data-id=\"7f8edd5\" data-element_type=\"section\">\n\t\t\t\t\t\t<div class=\"elementor-container elementor-column-gap-default\">\n\t\t\t\t\t<div class=\"elementor-column elementor-col-100 elementor-top-column elementor-element elementor-element-463a654\" data-id=\"463a654\" data-element_type=\"column\">\n\t\t\t<div class=\"elementor-widget-wrap elementor-element-populated\">\n\t\t\t\t\t\t<div class=\"elementor-element elementor-element-7a99b08 elementor-widget elementor-widget-text-editor\" data-id=\"7a99b08\" data-element_type=\"widget\" data-widget_type=\"text-editor.default\">\n\t\t\t\t<div class=\"elementor-widget-container\">\n\t\t\t\t\t\t\t\t\t<p>Le Man\u00e8ge &#8211; mars 2015<\/p>\t\t\t\t\t\t\t\t<\/div>\n\t\t\t\t<\/div>\n\t\t\t\t\t<\/div>\n\t\t<\/div>\n\t\t\t\t\t<\/div>\n\t\t<\/section>\n\t\t\t\t<section class=\"elementor-section elementor-top-section elementor-element elementor-element-a40a4a2 elementor-section-boxed elementor-section-height-default elementor-section-height-default\" data-id=\"a40a4a2\" data-element_type=\"section\">\n\t\t\t\t\t\t<div class=\"elementor-container elementor-column-gap-default\">\n\t\t\t\t\t<div class=\"elementor-column elementor-col-100 elementor-top-column elementor-element elementor-element-63acbe6\" data-id=\"63acbe6\" data-element_type=\"column\">\n\t\t\t<div class=\"elementor-widget-wrap elementor-element-populated\">\n\t\t\t\t\t\t<div class=\"elementor-element elementor-element-210f69c elementor-widget elementor-widget-text-editor\" data-id=\"210f69c\" data-element_type=\"widget\" data-widget_type=\"text-editor.default\">\n\t\t\t\t<div class=\"elementor-widget-container\">\n\t\t\t\t\t\t\t\t\t<p>Photographie Philippe Lebruman<\/p>\t\t\t\t\t\t\t\t<\/div>\n\t\t\t\t<\/div>\n\t\t\t\t\t<\/div>\n\t\t<\/div>\n\t\t\t\t\t<\/div>\n\t\t<\/section>\n\t\t\t\t<section class=\"elementor-section elementor-top-section elementor-element elementor-element-9001f78 elementor-section-boxed elementor-section-height-default elementor-section-height-default\" data-id=\"9001f78\" data-element_type=\"section\">\n\t\t\t\t\t\t<div class=\"elementor-container elementor-column-gap-default\">\n\t\t\t\t\t<div class=\"elementor-column elementor-col-100 elementor-top-column elementor-element elementor-element-ac5157b\" data-id=\"ac5157b\" data-element_type=\"column\">\n\t\t\t<div class=\"elementor-widget-wrap elementor-element-populated\">\n\t\t\t\t\t\t<div class=\"elementor-element elementor-element-4669baf elementor-widget elementor-widget-image\" data-id=\"4669baf\" data-element_type=\"widget\" data-widget_type=\"image.default\">\n\t\t\t\t<div class=\"elementor-widget-container\">\n\t\t\t\t\t\t\t\t\t\t\t\t\t\t\t<img fetchpriority=\"high\" decoding=\"async\" width=\"768\" height=\"512\" src=\"https:\/\/leogarnier.com\/wp-content\/uploads\/2022\/07\/zerep-biopigs-5-768x512.jpg\" class=\"attachment-medium_large size-medium_large wp-image-1595\" alt=\"Lumi\u00e8re dramatique et couleur\" srcset=\"https:\/\/leogarnier.com\/wp-content\/uploads\/2022\/07\/zerep-biopigs-5-768x512.jpg 768w, https:\/\/leogarnier.com\/wp-content\/uploads\/2022\/07\/zerep-biopigs-5-300x200.jpg 300w, https:\/\/leogarnier.com\/wp-content\/uploads\/2022\/07\/zerep-biopigs-5.jpg 800w\" sizes=\"(max-width: 768px) 100vw, 768px\" \/>\t\t\t\t\t\t\t\t\t\t\t\t\t\t\t<\/div>\n\t\t\t\t<\/div>\n\t\t\t\t\t<\/div>\n\t\t<\/div>\n\t\t\t\t\t<\/div>\n\t\t<\/section>\n\t\t\t\t<section class=\"elementor-section elementor-top-section elementor-element elementor-element-2bb8b2c elementor-section-boxed elementor-section-height-default elementor-section-height-default\" data-id=\"2bb8b2c\" data-element_type=\"section\">\n\t\t\t\t\t\t<div class=\"elementor-container elementor-column-gap-default\">\n\t\t\t\t\t<div class=\"elementor-column elementor-col-100 elementor-top-column elementor-element elementor-element-4825ea5\" data-id=\"4825ea5\" data-element_type=\"column\">\n\t\t\t<div class=\"elementor-widget-wrap elementor-element-populated\">\n\t\t\t\t\t\t<div class=\"elementor-element elementor-element-25b8288 elementor-widget elementor-widget-image\" data-id=\"25b8288\" data-element_type=\"widget\" data-widget_type=\"image.default\">\n\t\t\t\t<div class=\"elementor-widget-container\">\n\t\t\t\t\t\t\t\t\t\t\t\t\t\t\t<img decoding=\"async\" width=\"768\" height=\"513\" src=\"https:\/\/leogarnier.com\/wp-content\/uploads\/2022\/07\/BIOPIGS-Zerep-\u00a9-Ph.-Lebruman-2015-DSC_0394-768x513.jpg\" class=\"attachment-medium_large size-medium_large wp-image-1596\" alt=\"Sc\u00e9nographie et chor\u00e9graphie\" srcset=\"https:\/\/leogarnier.com\/wp-content\/uploads\/2022\/07\/BIOPIGS-Zerep-\u00a9-Ph.-Lebruman-2015-DSC_0394-768x513.jpg 768w, https:\/\/leogarnier.com\/wp-content\/uploads\/2022\/07\/BIOPIGS-Zerep-\u00a9-Ph.-Lebruman-2015-DSC_0394-300x201.jpg 300w, https:\/\/leogarnier.com\/wp-content\/uploads\/2022\/07\/BIOPIGS-Zerep-\u00a9-Ph.-Lebruman-2015-DSC_0394-1024x685.jpg 1024w, https:\/\/leogarnier.com\/wp-content\/uploads\/2022\/07\/BIOPIGS-Zerep-\u00a9-Ph.-Lebruman-2015-DSC_0394-1536x1027.jpg 1536w, https:\/\/leogarnier.com\/wp-content\/uploads\/2022\/07\/BIOPIGS-Zerep-\u00a9-Ph.-Lebruman-2015-DSC_0394-2048x1369.jpg 2048w\" sizes=\"(max-width: 768px) 100vw, 768px\" \/>\t\t\t\t\t\t\t\t\t\t\t\t\t\t\t<\/div>\n\t\t\t\t<\/div>\n\t\t\t\t\t<\/div>\n\t\t<\/div>\n\t\t\t\t\t<\/div>\n\t\t<\/section>\n\t\t\t\t<section class=\"elementor-section elementor-top-section elementor-element elementor-element-4a50d06 elementor-section-boxed elementor-section-height-default elementor-section-height-default\" data-id=\"4a50d06\" data-element_type=\"section\">\n\t\t\t\t\t\t<div class=\"elementor-container elementor-column-gap-default\">\n\t\t\t\t\t<div class=\"elementor-column elementor-col-100 elementor-top-column elementor-element elementor-element-3c21e9c\" data-id=\"3c21e9c\" data-element_type=\"column\">\n\t\t\t<div class=\"elementor-widget-wrap elementor-element-populated\">\n\t\t\t\t\t\t<div class=\"elementor-element elementor-element-100a3ec elementor-widget elementor-widget-image\" data-id=\"100a3ec\" data-element_type=\"widget\" data-widget_type=\"image.default\">\n\t\t\t\t<div class=\"elementor-widget-container\">\n\t\t\t\t\t\t\t\t\t\t\t\t\t\t\t<img decoding=\"async\" width=\"768\" height=\"512\" src=\"https:\/\/leogarnier.com\/wp-content\/uploads\/2022\/07\/BIOPIGS-Zerep-\u00a9-Ph.-Lebruman-2015-DSC_0734-768x512.jpg\" class=\"attachment-medium_large size-medium_large wp-image-1594\" alt=\"\" srcset=\"https:\/\/leogarnier.com\/wp-content\/uploads\/2022\/07\/BIOPIGS-Zerep-\u00a9-Ph.-Lebruman-2015-DSC_0734-768x512.jpg 768w, https:\/\/leogarnier.com\/wp-content\/uploads\/2022\/07\/BIOPIGS-Zerep-\u00a9-Ph.-Lebruman-2015-DSC_0734-300x200.jpg 300w, https:\/\/leogarnier.com\/wp-content\/uploads\/2022\/07\/BIOPIGS-Zerep-\u00a9-Ph.-Lebruman-2015-DSC_0734-1024x683.jpg 1024w, https:\/\/leogarnier.com\/wp-content\/uploads\/2022\/07\/BIOPIGS-Zerep-\u00a9-Ph.-Lebruman-2015-DSC_0734-1536x1024.jpg 1536w, https:\/\/leogarnier.com\/wp-content\/uploads\/2022\/07\/BIOPIGS-Zerep-\u00a9-Ph.-Lebruman-2015-DSC_0734-2048x1365.jpg 2048w\" sizes=\"(max-width: 768px) 100vw, 768px\" \/>\t\t\t\t\t\t\t\t\t\t\t\t\t\t\t<\/div>\n\t\t\t\t<\/div>\n\t\t\t\t\t<\/div>\n\t\t<\/div>\n\t\t\t\t\t<\/div>\n\t\t<\/section>\n\t\t\t\t<section class=\"elementor-section elementor-top-section elementor-element elementor-element-c9b745c elementor-section-boxed elementor-section-height-default elementor-section-height-default\" data-id=\"c9b745c\" data-element_type=\"section\">\n\t\t\t\t\t\t<div class=\"elementor-container elementor-column-gap-default\">\n\t\t\t\t\t<div class=\"elementor-column elementor-col-100 elementor-top-column elementor-element elementor-element-db5616b\" data-id=\"db5616b\" data-element_type=\"column\">\n\t\t\t<div class=\"elementor-widget-wrap elementor-element-populated\">\n\t\t\t\t\t\t<div class=\"elementor-element elementor-element-760392c elementor-widget elementor-widget-text-editor\" data-id=\"760392c\" data-element_type=\"widget\" data-widget_type=\"text-editor.default\">\n\t\t\t\t<div class=\"elementor-widget-container\">\n\t\t\t\t\t\t\t\t\t<p>CR\u00c9ATION AU MAN\u00c8GE, SC\u00c8NE NATIONALE DE MAUBEUGE &#8211; 2015<\/p>\n<p><strong>Conception<\/strong> Sophie Perez et Xavier Boussiron<\/p>\n<p><strong>Avec<\/strong><br>Sophie Lenoir<br>St\u00e9phane Roger<br>Marl\u00e8ne Saldana&nbsp;<br>Er Ge Yu<\/p>\n<p><strong>Textes<\/strong> Sophie Perez et Xavier Boussiron<br><strong>Sc\u00e9nographie<\/strong> Sophie Perez et Xavier Boussiron<br><strong>Costumes<\/strong> Sophie Perez et Corine Petitpierre<br><strong>Musique<\/strong> Xavier Boussiron<br><strong>R\u00e9gie g\u00e9n\u00e9rale<\/strong> L\u00e9o Garnier<br><strong>Cr\u00e9ation lumi\u00e8re<\/strong> Fabrice Combier<br><strong>Cr\u00e9ation son<\/strong> F\u00e9lix Perdreau<br><strong>R\u00e9gie lumi\u00e8re<\/strong> Gildas Roudaut<br><strong>R\u00e9gie plateau<\/strong> Camille Rosa \/ Adrien Castillo<br><strong>R\u00e9alisation d\u00e9cor<\/strong> les Ateliers de Nanterre-Amandiers<br><strong>R\u00e9alisation sculptures<\/strong> Dan Mestanza<br><strong>R\u00e9alisation costumes<\/strong> Corine Petitpierre et Anne Tesson<br><strong>Administration<\/strong> Julie Pagnier<\/p>\t\t\t\t\t\t\t\t<\/div>\n\t\t\t\t<\/div>\n\t\t\t\t\t<\/div>\n\t\t<\/div>\n\t\t\t\t\t<\/div>\n\t\t<\/section>\n\t\t\t\t<section class=\"elementor-section elementor-top-section elementor-element elementor-element-5918cd3 elementor-section-boxed elementor-section-height-default elementor-section-height-default\" data-id=\"5918cd3\" data-element_type=\"section\">\n\t\t\t\t\t\t<div class=\"elementor-container elementor-column-gap-default\">\n\t\t\t\t\t<div class=\"elementor-column elementor-col-100 elementor-top-column elementor-element elementor-element-57574d0\" data-id=\"57574d0\" data-element_type=\"column\">\n\t\t\t<div class=\"elementor-widget-wrap elementor-element-populated\">\n\t\t\t\t\t\t<div class=\"elementor-element elementor-element-b864aec elementor-widget elementor-widget-text-editor\" data-id=\"b864aec\" data-element_type=\"widget\" data-widget_type=\"text-editor.default\">\n\t\t\t\t<div class=\"elementor-widget-container\">\n\t\t\t\t\t\t\t\t\t<p><a href=\"https:\/\/compagnieduzerep.fr\/spectacles\/biopigs\/\">https:\/\/compagnieduzerep.fr\/spectacles\/biopigs\/<\/a><\/p>\t\t\t\t\t\t\t\t<\/div>\n\t\t\t\t<\/div>\n\t\t\t\t\t<\/div>\n\t\t<\/div>\n\t\t\t\t\t<\/div>\n\t\t<\/section>\n\t\t\t\t<section class=\"elementor-section elementor-top-section elementor-element elementor-element-f9c195a elementor-section-boxed elementor-section-height-default elementor-section-height-default\" data-id=\"f9c195a\" data-element_type=\"section\">\n\t\t\t\t\t\t<div class=\"elementor-container elementor-column-gap-default\">\n\t\t\t\t\t<div class=\"elementor-column elementor-col-100 elementor-top-column elementor-element elementor-element-0e350d2\" data-id=\"0e350d2\" data-element_type=\"column\">\n\t\t\t<div class=\"elementor-widget-wrap elementor-element-populated\">\n\t\t\t\t\t\t<div class=\"elementor-element elementor-element-5464ed4 elementor-widget elementor-widget-text-editor\" data-id=\"5464ed4\" data-element_type=\"widget\" data-widget_type=\"text-editor.default\">\n\t\t\t\t<div class=\"elementor-widget-container\">\n\t\t\t\t\t\t\t\t\t<p><strong>Production<\/strong> Compagnie du Zerep <strong>coproduction<\/strong> Les Subsistances 2014\/2015 Lyon, Th\u00e9\u00e2tre Nanterre \u2013 Amandiers centre dramatique national, Le Man\u00e8ge Maubeuge Mons Sc\u00e8ne nationale, Centre National de Cr\u00e9ation et Diffusion Culturelles de Ch\u00e2teauvallon, Arsenic \u2013 centre d\u2019art sc\u00e9nique contemporain Lausanne, Maison des Arts de Cr\u00e9teil, Centre de D\u00e9veloppement Chor\u00e9graphique Toulouse\/Midi-Pyr\u00e9n\u00e9es<\/p><p>Avec le soutien du Centre National de la Danse, Pantin<\/p><p>La Compagnie du Zerep re\u00e7oit le soutien de la Direction r\u00e9gionale des affaires culturelles d\u2019Ile-de-France, Minist\u00e8re de la Culture et de la Communication.<\/p><p>Action financ\u00e9e par la R\u00e9gion Ile-de-France<\/p><p><em>Biopigs<\/em>\u00a0a \u00e9t\u00e9 cr\u00e9\u00e9 en mars 2015 au Man\u00e8ge Sc\u00e8ne nationale de Maubeuge<\/p>\t\t\t\t\t\t\t\t<\/div>\n\t\t\t\t<\/div>\n\t\t\t\t\t<\/div>\n\t\t<\/div>\n\t\t\t\t\t<\/div>\n\t\t<\/section>\n\t\t\t\t<\/div>\n\t\t","protected":false},"excerpt":{"rendered":"<p>Biopigs Le Man\u00e8ge &#8211; mars 2015 Photographie Philippe Lebruman CR\u00c9ATION AU MAN\u00c8GE, SC\u00c8NE NATIONALE DE MAUBEUGE &#8211; 2015 Conception Sophie Perez et Xavier Boussiron Avec Sophie Lenoir St\u00e9phane Roger Marl\u00e8ne Saldana&nbsp; Er Ge Yu Textes Sophie Perez et Xavier Boussiron Sc\u00e9nographie Sophie Perez et Xavier Boussiron Costumes Sophie Perez et Corine Petitpierre Musique Xavier Boussiron [&hellip;]<\/p>\n","protected":false},"author":1,"featured_media":0,"parent":0,"menu_order":0,"comment_status":"closed","ping_status":"closed","template":"","meta":{"footnotes":""},"class_list":["post-1630","page","type-page","status-publish","hentry"],"yoast_head":"<!-- This site is optimized with the Yoast SEO plugin v27.4 - https:\/\/yoast.com\/product\/yoast-seo-wordpress\/ -->\n<title>Perez et Boussiron - Biopigs - R\u00e9gie g\u00e9n\u00e9rale L\u00e9o Garnier<\/title>\n<meta name=\"description\" content=\"Biopigs de Sophie Perez et Xavier Boussiron ou la critique de l&#039;ego des metteurs en sc\u00e8ne Enchainement de fin de spectacle ayant exist\u00e9\" \/>\n<meta name=\"robots\" content=\"index, follow, max-snippet:-1, max-image-preview:large, max-video-preview:-1\" \/>\n<link rel=\"canonical\" href=\"https:\/\/leogarnier.com\/index.php\/perez-boussiron\/\" \/>\n<meta property=\"og:locale\" content=\"fr_FR\" \/>\n<meta property=\"og:type\" content=\"article\" \/>\n<meta property=\"og:title\" content=\"Perez et Boussiron - Biopigs - R\u00e9gie g\u00e9n\u00e9rale L\u00e9o Garnier\" \/>\n<meta property=\"og:description\" content=\"Biopigs de Sophie Perez et Xavier Boussiron ou la critique de l&#039;ego des metteurs en sc\u00e8ne Enchainement de fin de spectacle ayant exist\u00e9\" \/>\n<meta property=\"og:url\" content=\"https:\/\/leogarnier.com\/index.php\/perez-boussiron\/\" \/>\n<meta property=\"og:site_name\" content=\"L\u00e9o Garnier\" \/>\n<meta property=\"article:publisher\" content=\"https:\/\/www.facebook.com\/leo.garnier.102\/\" \/>\n<meta property=\"article:modified_time\" content=\"2022-09-06T23:03:17+00:00\" \/>\n<meta property=\"og:image\" content=\"https:\/\/leogarnier.com\/wp-content\/uploads\/2022\/07\/zerep-biopigs-5-768x512.jpg\" \/>\n<meta name=\"twitter:card\" content=\"summary_large_image\" \/>\n<meta name=\"twitter:label1\" content=\"Dur\u00e9e de lecture estim\u00e9e\" \/>\n\t<meta name=\"twitter:data1\" content=\"2 minutes\" \/>\n<script type=\"application\/ld+json\" class=\"yoast-schema-graph\">{\"@context\":\"https:\\\/\\\/schema.org\",\"@graph\":[{\"@type\":\"WebPage\",\"@id\":\"https:\\\/\\\/leogarnier.com\\\/index.php\\\/perez-boussiron\\\/\",\"url\":\"https:\\\/\\\/leogarnier.com\\\/index.php\\\/perez-boussiron\\\/\",\"name\":\"Perez et Boussiron - Biopigs - R\u00e9gie g\u00e9n\u00e9rale L\u00e9o Garnier\",\"isPartOf\":{\"@id\":\"https:\\\/\\\/leogarnier.com\\\/#website\"},\"primaryImageOfPage\":{\"@id\":\"https:\\\/\\\/leogarnier.com\\\/index.php\\\/perez-boussiron\\\/#primaryimage\"},\"image\":{\"@id\":\"https:\\\/\\\/leogarnier.com\\\/index.php\\\/perez-boussiron\\\/#primaryimage\"},\"thumbnailUrl\":\"https:\\\/\\\/leogarnier.com\\\/wp-content\\\/uploads\\\/2022\\\/07\\\/zerep-biopigs-5-768x512.jpg\",\"datePublished\":\"2022-07-29T14:34:48+00:00\",\"dateModified\":\"2022-09-06T23:03:17+00:00\",\"description\":\"Biopigs de Sophie Perez et Xavier Boussiron ou la critique de l'ego des metteurs en sc\u00e8ne Enchainement de fin de spectacle ayant exist\u00e9\",\"breadcrumb\":{\"@id\":\"https:\\\/\\\/leogarnier.com\\\/index.php\\\/perez-boussiron\\\/#breadcrumb\"},\"inLanguage\":\"fr-FR\",\"potentialAction\":[{\"@type\":\"ReadAction\",\"target\":[\"https:\\\/\\\/leogarnier.com\\\/index.php\\\/perez-boussiron\\\/\"]}]},{\"@type\":\"ImageObject\",\"inLanguage\":\"fr-FR\",\"@id\":\"https:\\\/\\\/leogarnier.com\\\/index.php\\\/perez-boussiron\\\/#primaryimage\",\"url\":\"https:\\\/\\\/leogarnier.com\\\/wp-content\\\/uploads\\\/2022\\\/07\\\/zerep-biopigs-5.jpg\",\"contentUrl\":\"https:\\\/\\\/leogarnier.com\\\/wp-content\\\/uploads\\\/2022\\\/07\\\/zerep-biopigs-5.jpg\",\"width\":800,\"height\":533,\"caption\":\"Lumi\u00e8re dramatique et couleur\"},{\"@type\":\"BreadcrumbList\",\"@id\":\"https:\\\/\\\/leogarnier.com\\\/index.php\\\/perez-boussiron\\\/#breadcrumb\",\"itemListElement\":[{\"@type\":\"ListItem\",\"position\":1,\"name\":\"Accueil\",\"item\":\"https:\\\/\\\/leogarnier.com\\\/\"},{\"@type\":\"ListItem\",\"position\":2,\"name\":\"Biopigs\"}]},{\"@type\":\"WebSite\",\"@id\":\"https:\\\/\\\/leogarnier.com\\\/#website\",\"url\":\"https:\\\/\\\/leogarnier.com\\\/\",\"name\":\"L\u00e9o Garnier\",\"description\":\"\u00c9clairagiste\",\"publisher\":{\"@id\":\"https:\\\/\\\/leogarnier.com\\\/#\\\/schema\\\/person\\\/9caf54ec40390ce3fa693f0b1acd3190\"},\"potentialAction\":[{\"@type\":\"SearchAction\",\"target\":{\"@type\":\"EntryPoint\",\"urlTemplate\":\"https:\\\/\\\/leogarnier.com\\\/?s={search_term_string}\"},\"query-input\":{\"@type\":\"PropertyValueSpecification\",\"valueRequired\":true,\"valueName\":\"search_term_string\"}}],\"inLanguage\":\"fr-FR\"},{\"@type\":[\"Person\",\"Organization\"],\"@id\":\"https:\\\/\\\/leogarnier.com\\\/#\\\/schema\\\/person\\\/9caf54ec40390ce3fa693f0b1acd3190\",\"name\":\"L\u00e9o\",\"image\":{\"@type\":\"ImageObject\",\"inLanguage\":\"fr-FR\",\"@id\":\"https:\\\/\\\/leogarnier.com\\\/wp-content\\\/uploads\\\/2022\\\/09\\\/Leo9.png\",\"url\":\"https:\\\/\\\/leogarnier.com\\\/wp-content\\\/uploads\\\/2022\\\/09\\\/Leo9.png\",\"contentUrl\":\"https:\\\/\\\/leogarnier.com\\\/wp-content\\\/uploads\\\/2022\\\/09\\\/Leo9.png\",\"width\":1148,\"height\":825,\"caption\":\"L\u00e9o\"},\"logo\":{\"@id\":\"https:\\\/\\\/leogarnier.com\\\/wp-content\\\/uploads\\\/2022\\\/09\\\/Leo9.png\"},\"sameAs\":[\"http:\\\/\\\/leogarnier.com\",\"https:\\\/\\\/www.facebook.com\\\/leo.garnier.102\\\/\",\"https:\\\/\\\/www.instagram.com\\\/garnierleo\\\/\"]}]}<\/script>\n<!-- \/ Yoast SEO plugin. -->","yoast_head_json":{"title":"Perez et Boussiron - Biopigs - R\u00e9gie g\u00e9n\u00e9rale L\u00e9o Garnier","description":"Biopigs de Sophie Perez et Xavier Boussiron ou la critique de l'ego des metteurs en sc\u00e8ne Enchainement de fin de spectacle ayant exist\u00e9","robots":{"index":"index","follow":"follow","max-snippet":"max-snippet:-1","max-image-preview":"max-image-preview:large","max-video-preview":"max-video-preview:-1"},"canonical":"https:\/\/leogarnier.com\/index.php\/perez-boussiron\/","og_locale":"fr_FR","og_type":"article","og_title":"Perez et Boussiron - Biopigs - R\u00e9gie g\u00e9n\u00e9rale L\u00e9o Garnier","og_description":"Biopigs de Sophie Perez et Xavier Boussiron ou la critique de l'ego des metteurs en sc\u00e8ne Enchainement de fin de spectacle ayant exist\u00e9","og_url":"https:\/\/leogarnier.com\/index.php\/perez-boussiron\/","og_site_name":"L\u00e9o Garnier","article_publisher":"https:\/\/www.facebook.com\/leo.garnier.102\/","article_modified_time":"2022-09-06T23:03:17+00:00","og_image":[{"url":"https:\/\/leogarnier.com\/wp-content\/uploads\/2022\/07\/zerep-biopigs-5-768x512.jpg","type":"","width":"","height":""}],"twitter_card":"summary_large_image","twitter_misc":{"Dur\u00e9e de lecture estim\u00e9e":"2 minutes"},"schema":{"@context":"https:\/\/schema.org","@graph":[{"@type":"WebPage","@id":"https:\/\/leogarnier.com\/index.php\/perez-boussiron\/","url":"https:\/\/leogarnier.com\/index.php\/perez-boussiron\/","name":"Perez et Boussiron - Biopigs - R\u00e9gie g\u00e9n\u00e9rale L\u00e9o Garnier","isPartOf":{"@id":"https:\/\/leogarnier.com\/#website"},"primaryImageOfPage":{"@id":"https:\/\/leogarnier.com\/index.php\/perez-boussiron\/#primaryimage"},"image":{"@id":"https:\/\/leogarnier.com\/index.php\/perez-boussiron\/#primaryimage"},"thumbnailUrl":"https:\/\/leogarnier.com\/wp-content\/uploads\/2022\/07\/zerep-biopigs-5-768x512.jpg","datePublished":"2022-07-29T14:34:48+00:00","dateModified":"2022-09-06T23:03:17+00:00","description":"Biopigs de Sophie Perez et Xavier Boussiron ou la critique de l'ego des metteurs en sc\u00e8ne Enchainement de fin de spectacle ayant exist\u00e9","breadcrumb":{"@id":"https:\/\/leogarnier.com\/index.php\/perez-boussiron\/#breadcrumb"},"inLanguage":"fr-FR","potentialAction":[{"@type":"ReadAction","target":["https:\/\/leogarnier.com\/index.php\/perez-boussiron\/"]}]},{"@type":"ImageObject","inLanguage":"fr-FR","@id":"https:\/\/leogarnier.com\/index.php\/perez-boussiron\/#primaryimage","url":"https:\/\/leogarnier.com\/wp-content\/uploads\/2022\/07\/zerep-biopigs-5.jpg","contentUrl":"https:\/\/leogarnier.com\/wp-content\/uploads\/2022\/07\/zerep-biopigs-5.jpg","width":800,"height":533,"caption":"Lumi\u00e8re dramatique et couleur"},{"@type":"BreadcrumbList","@id":"https:\/\/leogarnier.com\/index.php\/perez-boussiron\/#breadcrumb","itemListElement":[{"@type":"ListItem","position":1,"name":"Accueil","item":"https:\/\/leogarnier.com\/"},{"@type":"ListItem","position":2,"name":"Biopigs"}]},{"@type":"WebSite","@id":"https:\/\/leogarnier.com\/#website","url":"https:\/\/leogarnier.com\/","name":"L\u00e9o Garnier","description":"\u00c9clairagiste","publisher":{"@id":"https:\/\/leogarnier.com\/#\/schema\/person\/9caf54ec40390ce3fa693f0b1acd3190"},"potentialAction":[{"@type":"SearchAction","target":{"@type":"EntryPoint","urlTemplate":"https:\/\/leogarnier.com\/?s={search_term_string}"},"query-input":{"@type":"PropertyValueSpecification","valueRequired":true,"valueName":"search_term_string"}}],"inLanguage":"fr-FR"},{"@type":["Person","Organization"],"@id":"https:\/\/leogarnier.com\/#\/schema\/person\/9caf54ec40390ce3fa693f0b1acd3190","name":"L\u00e9o","image":{"@type":"ImageObject","inLanguage":"fr-FR","@id":"https:\/\/leogarnier.com\/wp-content\/uploads\/2022\/09\/Leo9.png","url":"https:\/\/leogarnier.com\/wp-content\/uploads\/2022\/09\/Leo9.png","contentUrl":"https:\/\/leogarnier.com\/wp-content\/uploads\/2022\/09\/Leo9.png","width":1148,"height":825,"caption":"L\u00e9o"},"logo":{"@id":"https:\/\/leogarnier.com\/wp-content\/uploads\/2022\/09\/Leo9.png"},"sameAs":["http:\/\/leogarnier.com","https:\/\/www.facebook.com\/leo.garnier.102\/","https:\/\/www.instagram.com\/garnierleo\/"]}]}},"_links":{"self":[{"href":"https:\/\/leogarnier.com\/index.php\/wp-json\/wp\/v2\/pages\/1630","targetHints":{"allow":["GET"]}}],"collection":[{"href":"https:\/\/leogarnier.com\/index.php\/wp-json\/wp\/v2\/pages"}],"about":[{"href":"https:\/\/leogarnier.com\/index.php\/wp-json\/wp\/v2\/types\/page"}],"author":[{"embeddable":true,"href":"https:\/\/leogarnier.com\/index.php\/wp-json\/wp\/v2\/users\/1"}],"replies":[{"embeddable":true,"href":"https:\/\/leogarnier.com\/index.php\/wp-json\/wp\/v2\/comments?post=1630"}],"version-history":[{"count":16,"href":"https:\/\/leogarnier.com\/index.php\/wp-json\/wp\/v2\/pages\/1630\/revisions"}],"predecessor-version":[{"id":1991,"href":"https:\/\/leogarnier.com\/index.php\/wp-json\/wp\/v2\/pages\/1630\/revisions\/1991"}],"wp:attachment":[{"href":"https:\/\/leogarnier.com\/index.php\/wp-json\/wp\/v2\/media?parent=1630"}],"curies":[{"name":"wp","href":"https:\/\/api.w.org\/{rel}","templated":true}]}}